t is the ten millions digit of 163375594?
6
What is the hundreds digit of 543631198?
1
What is the units digit of 48203709?
9
What is the ten thousands digit of 2431254802?
5
What is the millions digit of 1052033657?
2
What is the millions digit of 359896647?
9
What is the hundred thousands digit of 652233521?
2
What is the hundred millions digit of 944973392?
9
What is the tens digit of 41865609?
0
What is the millions digit of 209014903?
9
What is the hundred millions digit of 745972481?
7
What is the thousands digit of 744289033?
9
What is the units digit of 3917640015?
5
What is the ten millions digit of 28303394?
2
What is the thousands digit of 34437829?
7
What is the millions digit of 127705769?
7
What is the hundreds digit of 479022961?
9
What is the hundred millions digit of 1476091220?
4
What is the thousands digit of 2911716117?
6
What is the units digit of 1432606931?
1
What is the ten thousands digit of 12521759?
2
What is the thousands digit of 142317583?
7
What is the ten thousands digit of 117656613?
5
What is the hundred millions digit of 674214994?
6
What is the hundred thousands digit of 46751645?
7
What is the ten millions digit of 78020034?
7
What is the tens digit of 84695862?
6
What is the thousands digit of 141245199?
5
What is the ten thousands digit of 998751066?
5
What is the ten thousands digit of 331407731?
0
What is the hundred thousands digit of 43436709?
4
What is the units digit of 305336333?
3
What is the thousands digit of 75560120?
0
What is the hundreds digit of 1279560634?
6
What is the ten thousands digit of 171635210?
3
What is the hundred thousands digit of 60129153?
1
What is the hundreds digit of 276340683?
6
What is the thousands digit of 42814847?
4
What is the tens digit of 179322276?
7
What is the tens digit of 586374272?
7
What is the thousands digit of 121441823?
1
What is the ten thousands digit of 7381857084?
5
What is the millions digit of 25398045?
5
What is the thousands digit of 1133142624?
2
What is the units digit of 1099324029?
9
What is the thousands digit of 136615563?
5
What is the ten thousands digit of 3342140?
4
What is the hundred thousands digit of 197211071?
2
What is the tens digit of 27707859?
5
What is the tens digit of 16783037?
3
What is the ten thousands digit of 7183954?
8
What is the ten thousands digit of 277085360?
8
What is the tens digit of 77580348?
4
What is the units digit of 12824750?
0
What is the units digit of 38323310?
0
What is the millions digit of 593089841?
3
What is the hundreds digit of 15147438?
4
What is the ten thousands digit of 218065660?
6
What is the hundreds digit of 11181217?
2
What is the ten thousands digit of 90150526?
5
What is the millions digit of 58864395?
8
What is the ten millions digit of 77865075?
7
What is the hundred thousands digit of 610629276?
6
What is the hundred millions digit of 362097082?
3
What is the hundred thousands digit of 60494325?
4
What is the tens digit of 15319093?
9
What is the units digit of 964749439?
9
What is the units digit of 392547625?
5
What is the ten millions digit of 107699685?
0
What is the ten millions digit of 257971885?
5
What is the thousands digit of 23614762?
4
What is the ten millions digit of 53842069?
5
What is the millions digit of 2260401237?
0
What is the units digit of 229484922?
2
What is the ten millions digit of 41736119?
4
What is the ten millions digit of 110430587?
1
What is the hundreds digit of 1581459577?
5
What is the units digit of 225887441?
1
What is the ten thousands digit of 23206406?
0
What is the hundred millions digit of 1888934386?
8
What is the ten thousands digit of 62452562?
5
What is the ten thousands digit of 485802136?
0
What is the millions digit of 414932124?
4
What is the hundreds digit of 26827340?
3
What is the millions digit of 3198682842?
8
What is the ten thousands digit of 2424551167?
5
What is the thousands digit of 84019362?
9
What is the thousands digit of 3376866429?
6
What is the millions digit of 3269968?
3
What is the ten thousands digit of 46355606?
5
What is the units digit of 417596912?
2
What is the hundreds digit of 65462846?
8
What is the hundred thousands digit of 2435059857?
0
What is the tens digit of 3410289761?
6
What is the millions digit of 488342498?
8
What is the millions digit of 8092277223?
2
What is the hundred thousands digit of 84263019?
2
What is the ten thousands digit of 4624166980?
6
What is the billions digit of 6662437059?
6
What is the units digit of 1233949080?
0
What is the ten millions digit of 61566272?
6
What is the ten millions digit of 758661029?
5
What is the millions digit of 12790485?
2
What is the hundred thousands digit of 4774352892?
3
What is the millions digit of 47202536?
7
What is the tens digit of 32190149?
4
What is the tens digit of 130597259?
5
What is the hundreds digit of 593177450?
4
What is the ten millions digit of 105804558?
0
What is the ten thousands digit of 21981317?
8
What is the ten thousands digit of 574858302?
5
What is the hundreds digit of 45010852?
8
What is the hundreds digit of 416562057?
0
What is the ten thousands digit of 2598179692?
7
What is the hundreds digit of 24878644?
6
What is the millions digit of 767883248?
7
What is the hundred thousands digit of 114577422?
5
What is the hundreds digit of 93541997?
9
What is the thousands digit of 1001317631?
7
What is the millions digit of 593231273?
3
What is the units digit of 1383617518?
8
What is the tens digit of 1112136569?
6
What is the hundreds digit of 117652578?
5
What is the hundreds digit of 43450600?
6
What is the thousands digit of 264447232?
7
What is the ten millions digit of 186328644?
8
What is the units digit of 116556218?
8
What is the ten thousands digit of 322064136?
6
What is the thousands digit of 76716150?
6
What is the hundred thousands digit of 2599839396?
8
What is the ten millions digit of 88479568?
8
What is the millions digit of 506484736?
6
What is the units digit of 1150421866?
6
What is the thousands digit of 151571695?
1
What is the thousands digit of 1562160037?
0
What is the ten thousands digit of 943311227?
1
What is the hundred thousands digit of 44467033?
4
What is the units digit of 63179182?
2
What is the billions digit of 2077075227?
2
What is the ten thousands digit of 74639771?
3
What is the tens digit of 156670?
7
What is the hundred millions digit of 705864028?
7
What is the units digit of 68810969?
9
What is the millions digit of 123695799?
3
What is the ten millions digit of 740111905?
4
What is the thousands digit of 1121265379?
5
What is the hundred thousands digit of 2967996?
9
What is the ten thousands digit of 475164875?
6
What is the billions digit of 8643581510?
8
What is the hundreds digit of 50047403?
4
What is the thousands digit of 11111357?
1
What is the ten millions digit of 107706353?
0
What is the ten thousands digit of 117348979?
4
What is the millions digit of 497378782?
7
What is the hundred millions digit of 3739204146?
7
What is the millions digit of 3382936490?
2
What is the hundred millions digit of 356291849?
3
What is the tens digit of 82187211?
1
What is the ten millions digit of 2113871181?
1
What is the millions digit of 338712445?
8
What is the ten thousands digit of 39478416?
7
What is the units digit of 326435211?
1
What is the hundreds digit of 49791195?
1
What is the millions digit of 43602487?
3
What is the ten millions digit of 2372341013?
7
What is the ten millions digit of 1704634547?
0
What is the hundreds digit of 67978136?
1
What is the billions digit of 1253625647?
1
What is the hundred thousands digit of 10023134?
0
What is the hundred millions digit of 3172188236?
1
What is the tens digit of 572616899?
9
What is the hundred millions digit of 200560790?
2
What is the millions digit of 322110603?
2
What is the millions digit of 485074662?
5
What is the hundreds digit of 375746849?
8
What is the hundred millions digit of 417718618?
4
What is the billions digit of 6097209880?
6
What is the ten thousands digit of 291985718?
8
What is the hundred thousands digit of 872632910?
6
What is the ten millions digit of 1302851906?
0
What is the millions digit of 48367362?
8
What is the hundred thousands digit of 167362383?
3
What is the millions digit 